{"id":10481,"date":"2022-02-18T15:26:33","date_gmt":"2022-02-18T18:26:33","guid":{"rendered":"https:\/\/miviajeamendoza.com\/?post_type=trip&#038;p=10481"},"modified":"2023-10-27T17:40:36","modified_gmt":"2023-10-27T20:40:36","slug":"reserva-villavicencio","status":"publish","type":"trip","link":"https:\/\/miviajeamendoza.com\/index.php\/trip\/reserva-villavicencio\/","title":{"rendered":"Reserva Villavicencio"},"content":{"rendered":"\n<p>Es una excelente excursi\u00f3n para quienes no disponen de un d\u00eda entero para conocer la monta\u00f1a de Mendoza.<\/p>\n","protected":false},"excerpt":{"rendered":"<p>Es una excelente excursi\u00f3n para quienes no disponen de un d\u00eda entero para conocer la monta\u00f1a de Mendoza.<\/p>\n","protected":false},"author":1,"featured_media":10992,"comment_status":"open","ping_status":"closed","template":"","destination":[64,69],"activities":[38],"trip_types":[30,71,42],"difficulty":[],"trip_tag":[],"tours-privados":[],"tours-grupales":[],"class_list":["post-10481","trip","type-trip","status-publish","has-post-thumbnail","hentry","destination-alta-montana","destination-villavicencio","activities-montana","trip_types-cultural","trip_types-excursiones-tradicionales","trip_types-naturaleza"],"packages_ids":[],"trip_extras":[],"cut_off_time":{"enabled":false,"duration":0,"duration_unit":"days"},"booked-seats":[],"code":"WTE-10481","price":"","has_sale":false,"sale_price":"","discount_percent":0,"currency":{"code":"ARS","symbol":"&#36;"},"duration":{"days":5,"nights":0,"duration_unit":"hours","duration_type":"days"},"primary_category":74,"available_times":{"type":"default","items":["2021-1-01","2021-2-01","2021-3-01","2021-4-01","2021-5-01","2021-6-01","2021-7-01","2021-8-01","2021-9-01","2021-10-01","2021-11-01","2021-12-01"]},"min_pax":"","max_pax":"","is_featured":false,"featured_image":{"width":1805,"height":1205,"file":"2023\/10\/Vista-del-Hotel-Villavicencio-desde-el-Camino-de-Caracoles.jpg","filesize":2247009,"sizes":{"medium":{"file":"Vista-del-Hotel-Villavicencio-desde-el-Camino-de-Caracoles-300x200.jpg","width":300,"height":200,"filesize":40129,"mime_type":"image\/jpeg","source_url":"https:\/\/miviajeamendoza.com\/wp-content\/uploads\/2023\/10\/Vista-del-Hotel-Villavicencio-desde-el-Camino-de-Caracoles-300x200.jpg"},"large":{"file":"Vista-del-Hotel-Villavicencio-desde-el-Camino-de-Caracoles-1024x684.jpg","width":1024,"height":684,"filesize":227751,"mime_type":"image\/jpeg","source_url":"https:\/\/miviajeamendoza.com\/wp-content\/uploads\/2023\/10\/Vista-del-Hotel-Villavicencio-desde-el-Camino-de-Caracoles-1024x684.jpg"},"thumbnail":{"file":"Vista-del-Hotel-Villavicencio-desde-el-Camino-de-Caracoles-150x150.jpg","width":150,"height":150,"filesize":28831,"mime_type":"image\/jpeg","source_url":"https:\/\/miviajeamendoza.com\/wp-content\/uploads\/2023\/10\/Vista-del-Hotel-Villavicencio-desde-el-Camino-de-Caracoles-150x150.jpg"},"medium_large":{"file":"Vista-del-Hotel-Villavicencio-desde-el-Camino-de-Caracoles-768x513.jpg","width":768,"height":513,"filesize":139691,"mime_type":"image\/jpeg","source_url":"https:\/\/miviajeamendoza.com\/wp-content\/uploads\/2023\/10\/Vista-del-Hotel-Villavicencio-desde-el-Camino-de-Caracoles-768x513.jpg"},"trip-thumb-size":{"file":"Vista-del-Hotel-Villavicencio-desde-el-Camino-de-Caracoles-374x226.jpg","width":374,"height":226,"filesize":48111,"mime_type":"image\/jpeg","source_url":"https:\/\/miviajeamendoza.com\/wp-content\/uploads\/2023\/10\/Vista-del-Hotel-Villavicencio-desde-el-Camino-de-Caracoles-374x226.jpg"},"destination-thumb-size":{"file":"Vista-del-Hotel-Villavicencio-desde-el-Camino-de-Caracoles-600x810.jpg","width":600,"height":810,"filesize":171528,"mime_type":"image\/jpeg","source_url":"https:\/\/miviajeamendoza.com\/wp-content\/uploads\/2023\/10\/Vista-del-Hotel-Villavicencio-desde-el-Camino-de-Caracoles-600x810.jpg"},"destination-thumb-trip-size":{"file":"Vista-del-Hotel-Villavicencio-desde-el-Camino-de-Caracoles-410x250.jpg","width":410,"height":250,"filesize":53528,"mime_type":"image\/jpeg","source_url":"https:\/\/miviajeamendoza.com\/wp-content\/uploads\/2023\/10\/Vista-del-Hotel-Villavicencio-desde-el-Camino-de-Caracoles-410x250.jpg"},"activities-thumb-size":{"file":"Vista-del-Hotel-Villavicencio-desde-el-Camino-de-Caracoles-600x810.jpg","width":600,"height":810,"filesize":171528,"mime_type":"image\/jpeg","source_url":"https:\/\/miviajeamendoza.com\/wp-content\/uploads\/2023\/10\/Vista-del-Hotel-Villavicencio-desde-el-Camino-de-Caracoles-600x810.jpg"},"trip-single-size":{"file":"Vista-del-Hotel-Villavicencio-desde-el-Camino-de-Caracoles-990x490.jpg","width":990,"height":490,"filesize":166587,"mime_type":"image\/jpeg","source_url":"https:\/\/miviajeamendoza.com\/wp-content\/uploads\/2023\/10\/Vista-del-Hotel-Villavicencio-desde-el-Camino-de-Caracoles-990x490.jpg"},"1536x1536":{"file":"Vista-del-Hotel-Villavicencio-desde-el-Camino-de-Caracoles-1536x1025.jpg","width":1536,"height":1025,"filesize":461968,"mime_type":"image\/jpeg","source_url":"https:\/\/miviajeamendoza.com\/wp-content\/uploads\/2023\/10\/Vista-del-Hotel-Villavicencio-desde-el-Camino-de-Caracoles-1536x1025.jpg"},"travel-agency-full":{"file":"Vista-del-Hotel-Villavicencio-desde-el-Camino-de-Caracoles-1290x540.jpg","width":1290,"height":540,"filesize":227898,"mime_type":"image\/jpeg","source_url":"https:\/\/miviajeamendoza.com\/wp-content\/uploads\/2023\/10\/Vista-del-Hotel-Villavicencio-desde-el-Camino-de-Caracoles-1290x540.jpg"},"travel-agency-popular":{"file":"Vista-del-Hotel-Villavicencio-desde-el-Camino-de-Caracoles-630x630.jpg","width":630,"height":630,"filesize":144129,"mime_type":"image\/jpeg","source_url":"https:\/\/miviajeamendoza.com\/wp-content\/uploads\/2023\/10\/Vista-del-Hotel-Villavicencio-desde-el-Camino-de-Caracoles-630x630.jpg"},"travel-agency-popular-small":{"file":"Vista-del-Hotel-Villavicencio-desde-el-Camino-de-Caracoles-300x300.jpg","width":300,"height":300,"filesize":50499,"mime_type":"image\/jpeg","source_url":"https:\/\/miviajeamendoza.com\/wp-content\/uploads\/2023\/10\/Vista-del-Hotel-Villavicencio-desde-el-Camino-de-Caracoles-300x300.jpg"},"travel-agency-blog":{"file":"Vista-del-Hotel-Villavicencio-desde-el-Camino-de-Caracoles-410x250.jpg","width":410,"height":250,"filesize":53528,"mime_type":"image\/jpeg","source_url":"https:\/\/miviajeamendoza.com\/wp-content\/uploads\/2023\/10\/Vista-del-Hotel-Villavicencio-desde-el-Camino-de-Caracoles-410x250.jpg"},"travel-agency-related":{"file":"Vista-del-Hotel-Villavicencio-desde-el-Camino-de-Caracoles-280x170.jpg","width":280,"height":170,"filesize":36495,"mime_type":"image\/jpeg","source_url":"https:\/\/miviajeamendoza.com\/wp-content\/uploads\/2023\/10\/Vista-del-Hotel-Villavicencio-desde-el-Camino-de-Caracoles-280x170.jpg"},"travel-agency-recent":{"file":"Vista-del-Hotel-Villavicencio-desde-el-Camino-de-Caracoles-300x170.jpg","width":300,"height":170,"filesize":37583,"mime_type":"image\/jpeg","source_url":"https:\/\/miviajeamendoza.com\/wp-content\/uploads\/2023\/10\/Vista-del-Hotel-Villavicencio-desde-el-Camino-de-Caracoles-300x170.jpg"},"travel-agency-schema":{"file":"Vista-del-Hotel-Villavicencio-desde-el-Camino-de-Caracoles-90x60.jpg","width":90,"height":60,"filesize":23218,"mime_type":"image\/jpeg","source_url":"https:\/\/miviajeamendoza.com\/wp-content\/uploads\/2023\/10\/Vista-del-Hotel-Villavicencio-desde-el-Camino-de-Caracoles-90x60.jpg"},"mailpoet_newsletter_max":{"file":"Vista-del-Hotel-Villavicencio-desde-el-Camino-de-Caracoles-1320x881.jpg","width":1320,"height":881,"filesize":355325,"mime_type":"image\/jpeg","source_url":"https:\/\/miviajeamendoza.com\/wp-content\/uploads\/2023\/10\/Vista-del-Hotel-Villavicencio-desde-el-Camino-de-Caracoles-1320x881.jpg"},"woocommerce_thumbnail":{"file":"Vista-del-Hotel-Villavicencio-desde-el-Camino-de-Caracoles-300x300.jpg","width":300,"height":300,"filesize":50499,"uncropped":false,"mime_type":"image\/jpeg","source_url":"https:\/\/miviajeamendoza.com\/wp-content\/uploads\/2023\/10\/Vista-del-Hotel-Villavicencio-desde-el-Camino-de-Caracoles-300x300.jpg"},"woocommerce_single":{"file":"Vista-del-Hotel-Villavicencio-desde-el-Camino-de-Caracoles-900x601.jpg","width":900,"height":601,"filesize":182342,"mime_type":"image\/jpeg","source_url":"https:\/\/miviajeamendoza.com\/wp-content\/uploads\/2023\/10\/Vista-del-Hotel-Villavicencio-desde-el-Camino-de-Caracoles-900x601.jpg"},"woocommerce_gallery_thumbnail":{"file":"Vista-del-Hotel-Villavicencio-desde-el-Camino-de-Caracoles-100x100.jpg","width":100,"height":100,"filesize":24874,"mime_type":"image\/jpeg","source_url":"https:\/\/miviajeamendoza.com\/wp-content\/uploads\/2023\/10\/Vista-del-Hotel-Villavicencio-desde-el-Camino-de-Caracoles-100x100.jpg"},"full":{"file":"Vista-del-Hotel-Villavicencio-desde-el-Camino-de-Caracoles.jpg","width":1805,"height":1205,"source_url":"https:\/\/miviajeamendoza.com\/wp-content\/uploads\/2023\/10\/Vista-del-Hotel-Villavicencio-desde-el-Camino-de-Caracoles.jpg"}},"image_meta":{"aperture":"5.6","credit":"","camera":"NIKON D750","caption":"","created_timestamp":"1526208834","copyright":"","focal_length":"70","iso":"500","shutter_speed":"0.000625","title":"","orientation":"0","keywords":[]}},"_links":{"self":[{"href":"https:\/\/miviajeamendoza.com\/index.php\/wp-json\/wp\/v2\/trip\/10481","targetHints":{"allow":["GET"]}}],"collection":[{"href":"https:\/\/miviajeamendoza.com\/index.php\/wp-json\/wp\/v2\/trip"}],"about":[{"href":"https:\/\/miviajeamendoza.com\/index.php\/wp-json\/wp\/v2\/types\/trip"}],"author":[{"embeddable":true,"href":"https:\/\/miviajeamendoza.com\/index.php\/wp-json\/wp\/v2\/users\/1"}],"replies":[{"embeddable":true,"href":"https:\/\/miviajeamendoza.com\/index.php\/wp-json\/wp\/v2\/comments?post=10481"}],"wp:featuredmedia":[{"embeddable":true,"href":"https:\/\/miviajeamendoza.com\/index.php\/wp-json\/wp\/v2\/media\/10992"}],"wp:attachment":[{"href":"https:\/\/miviajeamendoza.com\/index.php\/wp-json\/wp\/v2\/media?parent=10481"}],"wp:term":[{"taxonomy":"destination","embeddable":true,"href":"https:\/\/miviajeamendoza.com\/index.php\/wp-json\/wp\/v2\/destination?post=10481"},{"taxonomy":"activities","embeddable":true,"href":"https:\/\/miviajeamendoza.com\/index.php\/wp-json\/wp\/v2\/activities?post=10481"},{"taxonomy":"trip_types","embeddable":true,"href":"https:\/\/miviajeamendoza.com\/index.php\/wp-json\/wp\/v2\/trip_types?post=10481"},{"taxonomy":"difficulty","embeddable":true,"href":"https:\/\/miviajeamendoza.com\/index.php\/wp-json\/wp\/v2\/difficulty?post=10481"},{"taxonomy":"trip_tag","embeddable":true,"href":"https:\/\/miviajeamendoza.com\/index.php\/wp-json\/wp\/v2\/trip_tag?post=10481"},{"taxonomy":"tours-privados","embeddable":true,"href":"https:\/\/miviajeamendoza.com\/index.php\/wp-json\/wp\/v2\/tours-privados?post=10481"},{"taxonomy":"tours-grupales","embeddable":true,"href":"https:\/\/miviajeamendoza.com\/index.php\/wp-json\/wp\/v2\/tours-grupales?post=10481"}],"curies":[{"name":"wp","href":"https:\/\/api.w.org\/{rel}","templated":true}]}}

<p>Es una excelente excursión para quienes no disponen de un día entero para conocer la montaña de Mendoza.</p>
